ve r(8).
474
Let r(t) = 5334*t + 22512. What is r(-4)?
1176
Let b(r) = -5*r**2 + 17451*r - 52336. What is b(3)?
-28
Let y(x) = -3*x**3 - 21*x**2 + 3*x + 172. Calculate y(-9).
631
Let o(m) = 457*m - 42524. Determine o(93).
-23
Let k(o) = -105*o**2 - 2753*o - 11138. What is k(-5)?
2
Let k(c) = 7*c**2 + 422*c - 4308. Determine k(9).
57
Let v(x) = 321*x**2 - 6732*x - 193. Determine v(21).
-4
Let o(f) = 230888*f + 6003078. What is o(-26)?
-10
Let n(p) = 1338*p - 495057. Give n(370).
3
Let r(d) = -d**2 - 1427457*d - 9992155. Calculate r(-7).
-5
Let n(p) = p**2 + 23*p - 2186. What is n(-49)?
-912
Let q(p) = -1069*p - 81249. What is q(-76)?
-5
Let b(p) = 6116*p + 79558. Give b(-13).
50
Let x(c) = -151878*c - 607506. What is x(-4)?
6
Let m(h) = 3*h**2 - 418*h + 12091. Give m(35).
1136
Let z(m) = -m**3 - 163*m**2 + 3217*m + 63221. What is z(-179)?
34
Let h(y) = 7*y**3 + 34*y**2 - 20*y + 10. Determine h(-8).
-1238
Let v(s) = 81*s**2 - 183*s - 8. What is v(3)?
172
Let s(v) = 2*v**3 + 57*v**2 + 610*v + 18402. Give s(-29).
-129
Let f(y) = -y**3 - 402*y**2 + 2047*y + 5166. Give f(-407).
282
Let t(i) = -i**3 - 344*i**2 - 9710*i - 2191. What is t(-313)?
0
Let n(k) = 145*k**2 - 12044*k + 84. Give n(83).
-663
Let v(f) = 63*f**2 - 11453*f - 2437. Determine v(182).
-71
Let c(j) = 14*j**2 + 6074*j + 11231. Determine c(-432).
-1
Let b(j) = 1540*j + 465118. Give b(-302).
38
Let a(w) = -4*w**2 + 340*w - 529. Determine a(81).
767
Let a(l) = 759*l + 13063. What is a(-18)?
-599
Let u(n) = n**2 + 1449*n - 1386383. Determine u(658).
23
Let r(b) = -97*b**2 + 56*b - 494. Calculate r(6).
-3650
Let f(t) = 206*t**2 - 1751*t - 930. What is f(9)?
-3
Let o(m) = -2197*m - 61617. What is o(-28)?
-101
Let s(x) = -5955*x - 8360825. What is s(-1404)?
-5
Let u(t) = -t**3 - 72*t**2 + 1480*t - 5680. Give u(12).
-16
Let a(w) = 6*w**2 + 2*w - 387546. What is a(254)?
58
Let v(p) = -p**3 - 31*p**2 - 255*p - 602. Determine v(-6).
28
Let j(w) = -12*w**3 - 5981*w**2 + 3493*w + 10. Give j(-499).
10
Let s(v) = v**2 + 61*v + 515. Give s(-35).
-395
Let v(o) = -515*o + 10432. Calculate v(20).
132
Let g(c) = -c**3 + 7064*c**2 - 329801*c + 96. What is g(47)?
2
Let i(y) = -y**3 + 175*y**2 - 1003*y - 1872. Give i(169).
-13
Let s(n) = -n**3 - 102*n**2 + 1117*n - 312. Determine s(-112).
24
Let w(s) = s**3 - 31*s**2 + 176*s - 439. Give w(25).
211
Let f(c) = 26*c**2 + 702*c - 4885. Give f(-34).
1303
Let b(i) = i**3 - 99*i**2 + 1279*i + 766. Determine b(16).
-18
Let d(w) = -8*w**3 + 154*w**2 + 111*w + 186. What is d(20)?
6
Let z(y) = y**2 + 12534*y - 125433. What is z(10)?
7
Let r(y) = 7424*y - 6288110. Calculate r(847).
18
Let h(f) = 56*f**3 + 56*f**2 + 121*f + 2. Calculate h(-2).
-464
Let z(r) = -11*r**3 - 22*r**2 - 592*r + 615. Determine z(1).
-10
Let w(n) = -88673*n - 5852430. Give w(-66).
-12
Let s(m) = -280*m - 18964. What is s(-68)?
76
Let z(g) = -15*g**3 + 1069*g**2 - 235*g - 3359. What is z(71)?
120
Let w(h) = 7210*h + 7115. Give w(-1).
-95
Let b(t) = t**2 + 73*t - 9006. Determine b(-144).
1218
Let t(w) = -188284*w + 7. Give t(0).
7
Let a(w) = -4190*w + 8445. Give a(2).
65
Let t(w) = 14*w**2 - 1088*w + 327. Calculate t(77).
-443
Let u(g) = -3259*g - 2343230. Give u(-719).
-9
Let q(y) = y**3 - 11*y**2 - 139*y + 753. Give q(17).
124
Let y(v) = v**2 - 129*v - 29246. What is y(-109)?
-3304
Let h(o) = -o**3 - 39*o**2 - 31*o - 198. What is h(-39)?
1011
Let a(b) = -4*b**2 - 250*b - 1851. Determine a(-7).
-297
Let x(q) = q**3 + 65*q**2 + 72*q - 3359. Calculate x(-63).
43
Let a(l) = 34*l**2 + 63*l - 69. What is a(3)?
426
Let a(x) = -12639*x + 3905443. What is a(309)?
-8
Let u(v) = 48*v**2 - 16141*v + 32287. Calculate u(2).
197
Let z(g) = -29*g + 2718. Calculate z(52).
1210
Let l(p) = 5*p**2 + 512*p + 1037. What is l(-2)?
33
Let r(w) = 3733*w + 425562. Give r(-114).
0
Let j(h) = 18*h - 1083. Determine j(58).
-39
Let r(s) = -5*s**2 - 1837*s - 9132. Determine r(-5).
-72
Let w(o) = o**3 - 12*o**2 - 55*o + 233. Give w(11).
-493
Let k(c) = -453*c - 120918. Calculate k(-266).
-420
Let u(a) = 8*a**2 + 246*a - 4165. What is u(-43)?
49
Let c(b) = 16*b**2 - 12145*b + 704. Calculate c(759).
-55
Let n(f) = -2*f**2 - 63*f + 557. Calculate n(8).
-75
Let f(g) = -79*g**3 + 2687*g**2 - 870*g + 28430. What is f(34)?
6
Let v(z) = -396*z + 5259. Calculate v(12).
507
Let b(a) = -a**3 - 13*a**2 + 127*a + 706. Calculate b(-25).
5031
Let s(p) = 144*p + 731. Calculate s(-5).
11
Let n(j) = 2*j**2 + 647*j - 176515. What is n(-500)?
-15
Let q(g) = 2*g**3 + 17*g**2 - 32*g - 190. Give q(-11).
-443
Let q(m) = 2712*m - 151949. Determine q(56).
-77
Let g(n) = 384*n + 78496. What is g(-208)?
-1376
Let b(o) = -o**2 - 747*o + 64966. Give b(78).
616
Let d(p) = -114723*p + 458880. Give d(4).
-12
Let t(b) = b**3 - 361*b**2 - 16*b + 5949. Calculate t(361).
173
Let g(a) = a**2 + 465*a - 13296. Determine g(27).
-12
Let m(k) = 7729*k + 8370497. Give m(-1083).
-10
Let d(y) = -y**2 + 532*y - 27078. Calculate d(57).
-3
Let o(g) = 2*g**2 + 4172*g + 1481872. Give o(-1632).
16
Let m(a) = 4*a**2 - 506*a - 2903. Calculate m(132).
1
Let q(z) = z**3 + 441*z**2 - 1147*z - 505827. What is q(-441)?
0
Let t(z) = 4118*z**2 + 185311*z + 40. What is t(-45)?
-5
Let q(a) = -4*a - 110. Calculate q(-17).
-42
Let j(x) = -2*x**3 - 9*x**2 - 76. Calculate j(5).
-551
Let n(r) = -6296*r - 31477. Determine n(-5).
3
Let x(t) = -2*t**3 - 68*t**2 - 88*t + 5842. What is x(-29)?
-16
Let y(g) = -28754*g + 114889. What is y(4)?
-127
Let d(a) = 278*a + 53595. Give d(-194).
-337
Let d(m) = 6*m**2 - 402*m - 15004. Give d(-33).
4796
Let r(b) = 7771*b - 30666. What is r(4)?
418
Let b(h) = -141*h**2 + 316*h + 281. Give b(3).
-40
Let v(k) = -1391*k - 20432. Give v(-14).
-958
Let j(w) = -11831*w**2 + 224772*w + 326. Give j(19).
3
Let g(q) = -10*q**3 - 24*q**2 - 15*q + 32. Give g(1).
-17
Let k(x) = x**2 - 881*x + 10570. Calculate k(12).
142
Let k(v) = -2*v**2 - 15822*v + 126716. Give k(8).
12
Let d(r) = r**3 - 78*r**2 + 254*r - 13609. Calculate d(77).
20
Let t(d) = -7*d**3 - 241*d**2 + 1803*d + 19. What is t(6)?
649
Let n(u) = 3*u**3 + 50*u**2 + 119*u - 7. Calculate n(-3).
5
Let t(m) = -877*m + 11074. Give t(13).
-327
Let a(d) = -d**2 + 368*d + 162390. Give a(-259).
-3
Let d(g) = -2*g**3 - 64*g**2 - 54*g + 463. Calculate d(-31).
215
Let j(s) = 39*s**2 + 283*s - 200. Calculate j(-8).
32
Let s(y) = y**2 + 4063*y + 2578223. Calculate s(-787).
11
Let c(l) = l**3 - 7*l**2 - 2128*l + 22922. What is c(11)?
-2
Let s(y) = -2*y**2 + 3053*y + 521253. Give s(-155).
-12
Let h(m) = 88*m**3 - 165*m**2 - 9*m - 19. Determine h(2).
7
Let i(c) = -17015*c - 119602. Calculate i(-7).
-497
Let z(p) = p**2 + 142*p + 4978. Calculate z(-66).
-38
Let t(m) = 483*m - 1289. Determine t(4).
643
Let g(p) = 2*p**2 + 763*p - 37909. Give g(-426).
5
Let f(a) = 5001*a + 1115187. Determine f(-223).
-36
Let w(k) = 2603*k + 874696. Calculate w(-336).
88
Let x(f) = 27313*f + 27300. What is x(-1)?
-13
Let q(o) = 2*o**3 - 149*o**2 - 1475*o - 1241. Calculate q(-8).
-1
Let n(q) = 358*q - 18878. Determine n(53).
96
Let g(m) = -m**3 - 83*m**2 - 222*m + 1473. Give g(-80).
33
Let k(z) = -4637*z + 4868858. Calculate k(1050).
8
Let w(k) = 452*k - 2979. Calculate w(7).
185
Let c(x) = -1153*x + 320. Give c(0).
320
Let p(x) = 2*x**2 - 966*x - 8849. Calculate p(-9).
7
Let m(q) = 593380*q + 3560268. Give m(-6).
-12
Let t(x) = 3040*x + 191509. What is t(-63)?
-11
Let r(f) = 11236*f + 213464. What is r(-19)?
-20
Let d(u) = 40*u**2 + 502*u - 9. Calculate d(-10).
-1029
Let q(n) = -2*n**3 + 77*n**2 + 3711*n - 143639. Calculate q(40).
1
Let l(n) = n**3 + 5*n**2 - 420*n - 2491. Calculate l(-6).
-7
Let t(p) = -p**2 + 90*p - 1292. Determine t(81).
-563
Let m(n) = 68*n**3 - 17*n**2 + 22*n + 3. What is m(5)?
8188
Let y(i) = 217221*i - 1737764. What is y(8)?
4
Let w(p) = -717*p - 89683. What is w(-125)?
-58
Let s(l) = -l**2 - 24*l - 40. What is s(23)?
-1121
Let x(a) = 13*a**2 + 738*a - 6696. Calculate x(8).
40
Let t(p) = 1628*p - 25081. What is t(17)?
2595
Let z(l) = -74*l**2 + 275*l + 1014. What is z(6)?
0
Let b(a) = 34081*a + 3339930. Determine b(-98).
-8
Let q(l) = -107*l**2 + 10697*l + 28. Give q(100).
-272
Let p(q) = 7*q**2 - 440*q + 1357. Give p(3).
100
Let h(p) = -2*p**3 - 240*p**2 - 7162*p + 342. Calculate h(-56).
6
Let j(d) = 2*d**3 - 110*d**2 + 10